3*d**3 + 0*d**4. Give m(0).
-2
Let g(i) = -i**2 + 3*i - 1. Let c(r) = r - 2. Let y be c(8). Give g(y).
-19
Let y(v) = -v**2 - 7*v - 8. Suppose -22 = 3*a - 4. Determine y(a).
-2
Let d(q) be the third derivative of -q**5/60 - q**4/12 - q**3/3 + 2*q**2. Let j be ((-8)/20)/((-1)/(-5)). Calculate d(j).
-2
Let m(s) be the first derivative of 0*s - 3/2*s**2 + 1/60*s**5 - 1/8*s**4 + 2/3*s**3 + 2. Let y(w) be the second derivative of m(w). Determine y(3).
4
Let m(h) = -7*h**2 + 85 + h**3 - 9*h - 83 + 0*h**3. Let f be m(8). Let y(o) = -o - 7. Calculate y(f).
-1
Let o(v) = -1. Let b(i) = -i - 1. Let a(w) = -b(w) + 4*o(w). Give a(2).
-1
Let u(t) be the third derivative of 0*t + 0 + 5/6*t**3 + 2*t**2 + 1/24*t**4. Give u(-5).
0
Suppose 607*y + 21 = 604*y. Let c(m) = m**2 + 8*m + 8. Give c(y).
1
Let x(i) = -2*i**2 - 2*i + 2. Suppose -y = 2 - 0. Determine x(y).
-2
Let g(j) be the third derivative of j**5/60 - j**4/12 + j**3/6 + 6*j**2. Calculate g(4).
9
Let w(i) = -i**2 - i. Let b(v) = v**2 + 5*v + 1. Let z(o) = b(o) + 4*w(o). Let g = -1 + 0. What is z(g)?
-3
Let m(a) = a**2. Let h be (-328)/(-104) + 4/(-26). Give m(h).
9
Let i(v) be the first derivative of 3*v**2 - 7*v - 17. Determine i(-5).
-37
Let x(i) = i - 24 + 2*i - 4*i + 26. Calculate x(6).
-4
Let f = -4 + 8. Let s(m) = -6*m**2 - f + 5*m + 7*m**2 + 3. Give s(-4).
-5
Let s(r) = r. Let k(q) = 2*q - 3. Let u(f) = -k(f) - 3*s(f). Calculate u(3).
-12
Let n(l) = -2*l - 1. Let j(w) = -w - 10. Let i be j(-11). Let o = -1 - i. What is n(o)?
3
Let y(s) = s. Suppose -3*h + 16 = -5*b - 8, -2*b + 32 = 4*h. Suppose 0 = p + p - 22. Let u = h - p. Calculate y(u).
-3
Let s(a) = a**2 - 6. Suppose 0 = -c - 2 + 5. Let b = c + -3. What is s(b)?
-6
Let y = 5 + -9. Let p(h) = -7*h**2 + h - 10. Let d(z) = 8*z**2 - 2*z + 11. Let q(k) = 6*d(k) + 7*p(k). Calculate q(y).
0
Let f(t) = 5*t**2 + 23*t + 25. Let b(s) = s**2 + 6*s + 6. Let p(c) = -9*b(c) + 2*f(c). Determine p(6).
-16
Let b(n) be the second derivative of n**5/20 + 7*n**4/12 + n**3 + 4*n**2 - 7*n. Calculate b(-6).
8
Let c(i) be the second derivative of -i**5/20 - i**4/6 + 5*i**3/6 + i**2 + 3*i. Calculate c(-4).
14
Let r(b) = 4 - 4 - 1 - 4*b + 14*b. Determine r(1).
9
Let g(s) = 5*s**2 - 4 + 7*s + 0 - s**3 - 4. Suppose -21*f + 121 = -5. Give g(f).
-2
Let p(a) = a**2 - 12*a + 7. Let q(t) = 3*t**2 - 35*t + 20. Let y(o) = 11*p(o) - 4*q(o). What is y(8)?
-3
Let k = 4 - 3. Let p be (1 - 3) + 1 + 4. Let o(j) = 1 + 3*j - p + k. Calculate o(3).
8
Let a = -3 - 1. Let x(j) = -j**3 - 6*j**2 - 6*j. Let g(d) = -3*d**3 - 18*d**2 - 18*d. Let n(q) = -4*g(q) + 11*x(q). What is n(a)?
8
Let w(i) = -3 - 3*i**2 + 4*i**2 + 0*i + i. Let z(q) = q**2 - 5*q - 6. Let b be z(6). Calculate w(b).
-3
Let i(o) = -4 + 16*o - 9*o + 4*o**2 - 5*o**2. Suppose 0 = 3*k - 7 - 2. Calculate i(k).
8
Let z(q) = -q**3 + q + 2. Let t(u) = 4*u - u - 4 + 0 + u**2. Let y be t(-4). Give z(y).
2
Let a(r) be the third derivative of -r**5/60 + r**4/24 + 5*r**3/6 - 8*r**2. Calculate a(5).
-15
Let f(r) = r**3 + 2*r**2 + 2*r + 3. Let g(h) = h**3 + 2*h**2 + h. Let l be g(-2). Calculate f(l).
-1
Let p(x) be the second derivative of -x**5/20 + 7*x**4/12 - x**3 - 3*x**2 + x. Suppose -2*g - 2 - 10 = -3*a, 0 = 4*a - 4*g - 12. Calculate p(a).
-6
Let q(l) = 5*l**2 + l - 214 + 105 + 107 - l**3. What is q(5)?
3
Let r(b) be the third derivative of 5*b**4/24 + 2*b**3 - 8*b**2. Let n(g) = -g - 1. Let l(v) = 6*n(v) + r(v). What is l(5)?
1
Let h = 116 - 117. Let k(m) = 4*m**2 - m. Calculate k(h).
5
Let c(l) = -l**2 + 6*l + 6. Let m be c(6). Let r(j) = -3*j - 6*j + 6*j - m. Calculate r(-4).
6
Let x(j) = j**2 + 2*j - 1. Let w(d) = -6*d**2 - 11*d + 6. Let z(v) = 2*w(v) + 11*x(v). Determine z(0).
1
Let n(c) be the first derivative of c**2/2 - 2*c + 8. What is n(0)?
-2
Suppose -2*l + 14 = -4*y, 3*y + l + 30 = -4*l. Let w(f) = f**3 + 5*f**2 - 7*f - 7. What is w(y)?
28
Let f(p) be the second derivative of -p**4/8 + 2*p**3/3 + 3*p**2/2 + p. Let m(b) be the first derivative of f(b). Suppose 7 = 3*l - 2. Determine m(l).
-5
Let g(n) = n**3 - 4*n**2 - 2 + 6 + 3*n**2 - 3*n. Calculate g(3).
13
Let a(n) = -n**2 + 5*n - 5. Let s be a(6). Let g be s/(-5) + 1/(-5). Let y be 1/(-2) - (-1)/g. Let j(p) = p**2 - 9. Determine j(y).
-9
Let d = -3 - 1. Let z(m) = -2*m. Give z(d).
8
Let r(v) = -4*v - 18*v**2 + 9*v**2 - 2 + 10*v**2. Suppose 10*m = 4*y + 5*m - 35, 5*m = -15. Calculate r(y).
3
Let l = -6 + 4. Let a(b) = b. Calculate a(l).
-2
Let z(o) = o**2 + 2*o + 3. Let k be z(-2). Let d(q) = 2 - q - q + 3*q - k*q. Calculate d(4).
-6
Let z(v) be the second derivative of -v**4/12 + 5*v. Let k(o) = 4*o + 2. Let m(a) = -k(a) + 3*z(a). What is m(-2)?
-6
Let c be -1*(36/3 + -3). Let r(w) = w**3 + 10*w**2 + 9*w + 5. Calculate r(c).
5
Suppose -3*a + 0 = -3. Let z = 2 - a. Let g(p) = p**2 - p + 1. Give g(z).
1
Let k be (-22)/5 + (-4)/(-10). Suppose 0 = -4*l - 4*t - 16, -2*t + 10 = -3*l - l. Let s = l - k. Let u(x) = 5*x**3. Give u(s).
5
Let i(l) be the second derivative of 2*l**3 + l**2/2 + l. Calculate i(-1).
-11
Let m(y) = y**2 + 5*y - 2. Suppose a = -5*o + 36, 3*o - o - 10 = 0. Suppose -2*k = a - 1. What is m(k)?
-2
Let x(t) = t**3 + t**2 - 2. Let v be ((-2)/(-4))/(3/(-60)). Let y = -7 - v. Suppose -r - 5 = -y. What is x(r)?
-6
Let o = -2 + 7. Suppose o*c - 3*c = -6. Let m(k) = -2*k**2 - 4*k - 1. Calculate m(c).
-7
Let x(m) be the second derivative of -m**6/720 + 7*m**5/120 + m**4/12 + 6*m. Let v(z) be the third derivative of x(z). Give v(7).
0
Let v(s) = -s**3 - 3*s**2 - 2*s - 1. Let o(n) = n + 6. Suppose 0 = 5*f - 0*f - 55. Let y = -18 + f. Let b be o(y). What is v(b)?
-1
Let a(z) = 20*z - 10*z + 20 - 25 + z**2. Give a(-9).
-14
Let h(v) = v**3 - 8*v**2 - 8*v - 11. Let m be h(9). Let o(y) = 3*y. Calculate o(m).
-6
Let g(p) = -p - 4. Suppose -y + o = -0*o + 19, 4*o + 59 = -5*y. Let t be (-2)/10 + 27/y. Let j be (0 - 0)/(t + 3). Give g(j).
-4
Suppose 3*w = -2*w + 10. Let f be 7/(-1)*w/(-7). Let v(i) = 5*i**3 - 3*i + 0 - 4 - 3*i**f - 4*i**3. Determine v(4).
0
Suppose -j + 15 = 4*j. Let n(h) = -2*h**3 + 4*h**2 + h - 3*h + 6 + j*h**3. Calculate n(-5).
-9
Let w(v) = -v**2 + 5*v - 4. Let j(k) = k**3 - 3*k**2 + 2*k + 2. Let y be j(3). Suppose 4*h - y = 2*h. What is w(h)?
0
Let v(r) = -r**3 + 7*r**2 - 7*r + 8. Let i be v(6). Suppose -3*a + 0*t + 10 = -i*t, 2*t = -10. Let f(m) = m**3 + m**2 + m + 4. Determine f(a).
4
Let z(x) = x**3 - 5*x**2 - 5*x - 1. Let l be z(6). Let c(s) = s**2 - 4 + 2*s + 8 - 9*s + s. Give c(l).
-1
Suppose -5*q + 17 = k, 17*k + q = 20*k - 3. Let g(z) = -z**3 - 3*z**2 - 3. Let y(l) = -3*l**3 - 6*l**2 - 7. Let f(m) = 7*g(m) - 3*y(m). Calculate f(k).
4
Let r(y) = -y**3 + y**2 - y + 1. Let p be (-3 - 7)*(-3)/5. Suppose -3*w = 4*m - 0 - 8, 3*m - 4*w - p = 0. What is r(m)?
-5
Let w(z) = -2*z - 2. Let h be w(-2). Suppose 3*o - 34 = 5*i, -h*i + 2*o = 3*i + 31. Let t(b) = -4 - b**2 - 6*b - 5 - 1 + 3. Determine t(i).
-2
Let l(a) be the third derivative of -a**5/60 - a**4/4 + 3*a**3/2 - 5*a**2. What is l(-7)?
2
Let x(i) = -i - 3. Let t(w) = w - 3. Let q be t(-9). Let c = 8 + q. Determine x(c).
1
Let u(n) = -n**2 - 6. Let a be u(0). Let o(k) = -2 + 2*k + k - 4*k. What is o(a)?
4
Suppose o + 2*o + 21 = 0. Let q(j) = -2*j - 7. Let m(c) = c + 4. Let i(a) = -9*m(a) - 4*q(a). Determine i(o).
-1
Let n(h) = -h**3 + h. Let v = 10 + -8. Determine n(v).
-6
Let r(n) = -n - 4. Let c be r(4). Let h(s) = s + 16. What is h(c)?
8
Let r(k) be the second derivative of -k**3/6 + k**2 + 38*k. Determine r(4).
-2
Let m(g) = 8*g**2 + 15*g + 20. Let h(s) = 3*s**2 + 5*s + 7. Let r(x) = -11*h(x) + 4*m(x). Let i(y) = -2*y**2 + 35*y - 42. Let f be i(16). Calculate r(f).
-3
Let c = -34 + 28. Let k(t) = -t + 1. What is k(c)?
7
Let i(d) be the second derivative of -5*d**3/6 - 2*d**2 - 4*d. Let m be i(-2). Let u(c) = -c**3 + 6*c**2 - 3*c + 5. Calculate u(m).
-13
Suppose -17*o - 10 = -19*o. Let i(r) = r**3 - 6*r**2 + 5*r + 4. Determine i(o).
4
Let v(c) = c**2 + 3*c - 1. Let y be v(-4). Let w(l) = -12*l + l + l**2 + 6*l - 3. Determine w(y).
-9
Let j(r) = 2*r - 3. Let o(l) = -l + 1. Let p(y) = 2*j(y) + 5*o(y). Suppose 3*i + 4*q = 5*q - 19, 0 = 3*i + 3*q + 15. Calculate p(i).
5
Let m(d) be the third derivative of -d**5/60 - d**4/24 + 11*d**2. Suppose 0*t = -t + 5. Suppose -l + 3 + 2 = u, l - t = 0. Giv